
-325
Let m(i) = -3*i**2 + 1090*i - 7535. What is m(7)?
-52
Let n(i) = -i**3 - 57*i**2 - 60*i + 138. Calculate n(-56).
362
Let r(g) = 854*g - 53784. Calculate r(63).
18
Let m(s) = -6*s**3 - 97*s**2 - 17*s + 215. Give m(-12).
-3181
Let a(s) = -99181*s + 314. Calculate a(0).
314
Let q(w) = 3466*w - 83190. Calculate q(24).
-6
Let j(r) = -3*r**2 + 345*r + 1277. Calculate j(111).
2609
Let i(c) = -c**2 + 374*c - 15071. Give i(46).
17
Let h(c) = -43312*c + 1645856. Determine h(38).
0
Let y(c) = -c**3 + 27*c**2 - 227*c + 9515. Give y(30).
5
Let n(m) = -4*m**2 + 443*m - 10862. Determine n(34).
-424
Let r(n) = -2580*n - 13198. What is r(-5)?
-298
Let j(o) = -63*o**2 + 368*o - 2029. Calculate j(6).
-2089
Let i(g) = 12565*g + 603122. What is i(-48)?
2
Let w(r) = -465370*r + 111223427. What is w(239)?
-3
Let b(r) = 160*r**2 - 4783*r - 511. Calculate b(30).
-1
Let h(n) = -229*n - 4008. Give h(-21).
801
Let p(f) = 2890*f + 48970. Determine p(-15).
5620
Let c(q) = 365215*q + 4017385. Determine c(-11).
20
Let v(o) = o**3 + 6*o**2 + 2751*o + 16540. Give v(-6).
34
Let m(k) = -k**3 - 32*k**2 - 210*k - 8016. Determine m(-33).
3
Let p(k) = -4*k**3 - 238*k**2 - 321*k - 11974. What is p(-59)?
3
Let u(m) = m**2 - 917*m + 186937. Give u(611).
-29
Let c(z) = -2910005*z + 5820006. What is c(2)?
-4
Let g(f) = 3360*f + 634448. Determine g(-189).
-592
Let k(y) = -4921*y + 152568. Give k(31).
17
Let y(x) = 4*x**3 + 3534*x**2 + 5266*x - 22924. Calculate y(-882).
8
Let v(l) = -176436*l + 176399. Calculate v(1).
-37
Let d(p) = -20*p**2 - 282*p + 88644. What is d(-74)?
-8
Let r(p) = -95*p + 7150. Determine r(74).
120
Let y(h) = -6297*h - 1272038. Calculate y(-202).
-44
Let m(s) = -11*s**3 - 9181*s**2 + 3408*s + 56773. Determine m(-835).
-7
Let b(h) = -87*h**2 - 342*h - 200. What is b(-5)?
-665
Let s(w) = -9202*w + 404877. Calculate s(44).
-11
Let g(o) = 32*o - 483. What is g(14)?
-35
Let n(b) = -29*b**3 + 438*b**2 - 443*b - 76. Calculate n(14).
-6
Let i(o) = 8*o**3 - 280*o**2 - 12*o - 192. Calculate i(35).
-612
Let v(g) = g**2 - 8177*g + 317390. Give v(39).
8
Let j(m) = 1017*m**2 - 3*m - 1792. Calculate j(0).
-1792
Let u(c) = -41*c**3 - 2627*c**2 - 215*c - 1476. Give u(-64).
-4
Let o(v) = 6*v**3 - 1020*v**2 - v - 72. Determine o(170).
-242
Let b(s) = -2*s**2 + 282*s - 3869. Determine b(125).
131
Let s(o) = 71*o**2 - 1676*o + 989. Calculate s(23).
0
Let b(z) = z**3 + z**2 - 64*z - 6. Calculate b(-14).
-1658
Let f(m) = -62*m**2 - 481*m - 27. What is f(-7)?
302
Let p(n) = -2178*n - 30516. What is p(-14)?
-24
Let w(l) = 5223*l + 26104. Give w(-5).
-11
Let p(k) = 2*k**2 + 234*k - 68846. What is p(136)?
-30
Let s(j) = -j**3 + 106*j**2 - 224*j + 259. Determine s(104).
-1405
Let l(w) = -206*w**2 + 8*w + 21. What is l(-1)?
-193
Let y(r) = -r**2 + 520*r - 19224. What is y(43)?
1287
Let r(t) = -411*t - 4585. Calculate r(-10).
-475
Let n(h) = h**3 - 60*h**2 - 2135*h + 23. Give n(85).
-827
Let q(v) = -1016*v**2 + 14097*v + 28. Give q(14).
-1750
Let t(v) = 7781*v + 108946. Give t(-14).
12
Let n(b) = b**3 + 130*b**2 - 10*b - 124. Calculate n(-130).
1176
Let d(m) = m**3 + 129*m**2 - 295*m - 4517. What is d(-131)?
-194
Let u(h) = h**2 - 224*h + 622. What is u(221)?
-41
Let i(s) = -55*s**2 - 13001*s - 12999. Determine i(-1).
-53
Let v(w) = 3813*w + 23155. Determine v(-6).
277
Let j(o) = -106*o + 503. Give j(10).
-557
Let y(l) = -7*l**3 + 10*l**2 - 29698*l + 59409. Calculate y(2).
-3
Let a(k) = -11147*k**2 - 55752*k - 4. Give a(-5).
81
Let g(q) = -3*q**2 - 778*q - 582. Determine g(0).
-582
Let v(z) = 26*z**2 + 145*z - 70. Determine v(-6).
-4
Let z(m) = -78752*m + 787527. What is z(10)?
7
Let g(h) = 3*h**2 - 302*h + 3534. Calculate g(89).
419
Let i(m) = -258*m + 9749. Give i(37).
203
Let h(g) = -71*g + 3098. Determine h(45).
-97
Let y(s) = -6758*s + 27027. Calculate y(4).
-5
Let w(o) = 113*o**2 - 9586*o - 31510. Give w(88).
-6
Let w(q) = -3*q**3 - 63*q**2 + 45*q - 53. Determine w(-23).
2086
Let k(h) = -8*h**3 - 990*h**2 + 250*h + 242. Give k(-124).
-6
Let g(v) = -480800*v + 961642. Calculate g(2).
42
Let m(k) = -k**2 - 289*k + 6379. Determine m(21).
-131
Let n(m) = -m**3 + 56*m**2 + 6272*m + 113. Give n(-56).
113
Let t(y) = 3*y**3 - 3*y**2 - 23*y + 26. What is t(7)?
747
Let o(n) = 29*n - 1463. What is o(30)?
-593
Let j(y) = y + 641. Determine j(41).
682
Let p(d) = -842*d - 292783. What is p(-348)?
233
Let r(n) = n**2 - 634*n - 560471. Determine r(-496).
9
Let b(g) = -2*g**2 - 370*g - 12489. Determine b(-159).
-4221
Let n(c) = -c**3 + 113*c**2 + 9*c - 13358. What is n(112)?
194
Let z(g) = -49*g**3 - 6*g**2 + 5887*g + 5893. Calculate z(-1).
49
Let o(n) = 14*n**2 - 67*n + 272. Determine o(-5).
957
Let r(s) = s**3 - 972*s**2 + 22696*s + 89. Determine r(24).
-1255
Let w(b) = -b**2 + 342960*b + 2400763. Calculate w(-7).
-6
Let u(x) = -x**2 + 16*x + 1248. Determine u(-28).
16
Let z(f) = -f**3 + 47*f**2 + 1119*f - 46719. Calculate z(51).
-54
Let q(x) = -2*x**2 - 217*x + 2648. Calculate q(11).
19
Let u(x) = -44*x**2 - 212*x + 1610. What is u(-9)?
-46
Let h(r) = 47*r - 7167. What is h(160)?
353
Let p(f) = 4*f**2 - 569*f - 2934. What is p(-5)?
11
Let f(c) = 28082*c + 3482145. What is f(-124)?
-23
Let b(n) = -24*n**2 - 5656*n + 2003. Determine b(-236).
115
Let u(v) = -2650*v - 357758. Give u(-135).
-8
Let l(a) = 4*a**2 + 254*a + 122. Determine l(-63).
-4
Let y(h) = 9*h**2 - 390*h + 2275. Determine y(7).
-14
Let q(u) = 4*u**2 - 28*u - 7480. Give q(-40).
40
Let b(y) = 23323*y + 70021. Determine b(-3).
52
Let r(n) = -6*n**2 + 21*n + 5356. What is r(31)?
241
Let h(z) = -25712*z - 1439861. Determine h(-56).
11
Let f(i) = 2992*i + 77757. Calculate f(-26).
-35
Let t(l) = -l**2 - 1607*l + 138433. Determine t(82).
-65
Let m(y) = -y**3 - 518*y**2 + 29604*y - 20530. Give m(-570).
-10
Let x(n) = -6*n**2 + 144*n + 971. Calculate x(-8).
-565
Let i(l) = 2013*l - 378524. Calculate i(188).
-80
Let o(l) = 120*l + 1757. What is o(-15)?
-43
Let r(v) = v**2 + 133*v + 4379. Calculate r(-63).
-31
Let p(z) = -z**3 + 12*z**2 - 520*z + 9366. Give p(16).
22
Let g(a) = 15*a**3 + 1502*a**2 + 246*a + 3907. Calculate g(-100).
-693
Let g(j) = -31783*j**2 + 286047*j + 11. What is g(9)?
11
Let q(l) = 3*l**2 + 10048*l - 90655. What is q(9)?
20
Let n(k) = 5*k**2 - 1014*k - 310. Determine n(203).
-107
Let g(h) = -3*h**2 - 48*h + 13676. Determine g(-76).
-4
Let t(a) = 4*a**3 + 271*a**2 - 3073*a - 204337. Calculate t(-68).
3
Let l(y) = -y**2 - 25840*y + 2541921. Give l(98).
-3
Let m(p) = -17386*p + 277943. Give m(16).
-233
Let f(c) = -2*c**3 + 41*c**2 + 257*c - 30. Determine f(-5).
-40
Let s(q) = -142526*q + 3705660. What is s(26)?
-16
Let r(y) = -2*y**2 - 656*y - 26321. Calculate r(-279).
1021
Let l(v) = 23*v**2 + 483*v - 407. What is l(-23)?
651
Let x(d) = -d**2 - 93*d + 5079. Give x(-130).
269
Let u(z) = 2*z**2 - 12853*z + 153933. Determine u(12).
-15
Let p(d) = -660*d**3 - d**2 - 863*d + 863. Determine p(1).
-661
Let k(i) = -4*i**2 + 64*i + 283. What is k(20)?
-37
Let b(n) = 33*n**2 + 3102*n - 31. Give b(-94).
-31
Let n(m) = -23609*m - 22604. Determine n(-1).
1005
Let i(j) = 4*j**2 + 67*j - 53. What is i(-11)?
-306
Let u(p) = 1084*p - 37681. What is u(32)?
-2993
Let p(t) = -724*t + 9357. Give p(14).
-779
Let n(t) = -t**2 + 1294*t + 6517. Determine n(-5).
22
Let a(w) = -8*w**2 + 1938*w - 487. What is a(242)?
-3
Let x(u) = -64*u - 2053. What is x(20)?
-3333
Let v(h) = 3*h**3 - 28*h**2 - 779*h + 7862. Determine v(15).
2
Let x(n) = -402*n**2 + 61504*n + 303. Determine x(153).
-3
Let s(k) = k**3 + 54*k**2 - 3107*k + 212. Determine s(-89).
-500
Let z(o) = -251*o**2 - 12067*o - 88. Give z(-48).
824
Let a(d) = -73*d**2 + 2124*d + 17021. What is a(-8)?
-4643
Let b(x) = 7269*x + 283491. What is b(-39)?
0
Let o(x) = 126*x - 2538. Give o(28).
990
Let w(j) = 1125*j + 1155. Give w(-2).
-1095
Let o(g) = -3*g**2 - 78*g + 25. Calculate o(-26).
25
Let x(w) = -w**3 - 109*w**2 + 169*w - 5791. What is x(-111)?
92
Let t(g) = -505*g - 2511. Determine t(-5).
14
Let i(o) = 16481*o - 65837. What is i(4)?
87
Let c(s) = -s**3 - 4*s**2 - 4034*s - 12081. Calculate c(-3).
12
Let a(h) = -9*h**2 - 525*h - 2115. Calculate a(-4).
-159
Let q(l) = -22*l**2 - 202*l + 1616. Determine q(8).
-1408
Let s(i) = i**3 + 16*i**2 - 58*i + 511. What is s(-20)?
71
Let l(p) = -480*p**2 - 4